mon factor of 382140 and 186780?
660
What is the highest common divisor of 3016 and 14761?
29
What is the highest common factor of 1898492 and 612?
68
What is the greatest common factor of 55427 and 10153453?
1289
Calculate the greatest common factor of 450 and 17384670.
90
What is the greatest common divisor of 583 and 398680469?
583
Calculate the greatest common divisor of 521728 and 94720.
512
What is the highest common factor of 326510 and 5072?
634
Calculate the greatest common factor of 133746 and 84.
6
What is the highest common factor of 342 and 146790276?
114
Calculate the highest common factor of 27 and 32578317.
9
What is the highest common divisor of 544 and 141836?
4
Calculate the highest common divisor of 5206267 and 49368.
2057
What is the greatest common divisor of 280766961 and 27?
9
What is the highest common divisor of 6796278 and 508?
254
Calculate the greatest common factor of 507 and 4632771.
39
Calculate the highest common divisor of 704568 and 669529.
947
Calculate the greatest common divisor of 53088 and 179488.
2528
What is the greatest common divisor of 70977 and 1420743?
1203
What is the greatest common factor of 4638487 and 543?
181
What is the highest common divisor of 1176945 and 23793?
231
Calculate the highest common divisor of 476 and 3673964.
28
What is the highest common factor of 3771528 and 260520?
4008
What is the highest common factor of 49735272 and 1503?
501
Calculate the greatest common factor of 231 and 14409241.
77
What is the greatest common divisor of 88 and 34707442?
22
Calculate the highest common divisor of 1253376 and 17280.
1152
What is the greatest common divisor of 4368 and 3766816?
16
What is the greatest common divisor of 49227360 and 79534?
4186
What is the highest common factor of 126 and 278468106?
42
What is the greatest common factor of 148877 and 56180?
2809
What is the greatest common divisor of 1160 and 5769880?
40
Calculate the highest common factor of 172530 and 512478.
1278
What is the greatest common factor of 6631504 and 4592?
656
Calculate the greatest common factor of 38690 and 29361841.
3869
What is the greatest common factor of 3066696 and 3820?
764
Calculate the highest common factor of 5164615 and 4015085.
4135
Calculate the greatest common factor of 38485503 and 20223.
189
Calculate the highest common factor of 127757 and 497.
7
What is the greatest common divisor of 70 and 3946510?
10
What is the greatest common divisor of 120 and 319357720?
40
What is the greatest common factor of 580312 and 5491?
289
Calculate the greatest common factor of 332827986 and 138.
138
What is the highest common factor of 67162576 and 368?
368
Calculate the greatest common divisor of 323019 and 98154.
171
What is the greatest common divisor of 1155652 and 44?
4
What is the greatest common divisor of 1507410 and 15750?
90
Calculate the highest common factor of 157216 and 696864.
544
What is the greatest common divisor of 1972176 and 2701968?
8688
Calculate the highest common divisor of 355461 and 11.
1
What is the greatest common divisor of 723 and 1310317?
241
What is the greatest common divisor of 218218 and 8131618?
2398
What is the highest common divisor of 961 and 3135743?
961
Calculate the highest common divisor of 817994 and 18.
2
What is the highest common factor of 32280 and 28200?
120
Calculate the highest common divisor of 736 and 290258160.
368
What is the greatest common factor of 483730 and 11285?
305
Calculate the highest common factor of 952 and 660807.
119
What is the highest common divisor of 70180324 and 31380?
2092
What is the highest common factor of 308 and 2086927920?
308
Calculate the greatest common factor of 684 and 551912.
76
Calculate the greatest common divisor of 138936 and 2328.
24
What is the greatest common factor of 46790 and 93589358?
9358
What is the highest common divisor of 297 and 7515420?
33
Calculate the greatest common factor of 39583325 and 57537.
2131
What is the greatest common factor of 19288122 and 5796?
966
What is the highest common factor of 28336 and 863489?
253
What is the highest common divisor of 19092 and 10632?
12
Calculate the greatest common factor of 1168 and 607068.
292
Calculate the greatest common divisor of 113072 and 24716.
148
Calculate the greatest common factor of 65412 and 35787.
237
Calculate the highest common divisor of 8565426 and 305694.
5994
What is the greatest common divisor of 55380234 and 9282?
546
Calculate the highest common divisor of 136035 and 28638.
9
What is the highest common divisor of 30463296 and 888?
24
What is the greatest common divisor of 31975 and 103426335?
6395
Calculate the highest common divisor of 1600 and 4643648.
64
Calculate the greatest common divisor of 41468 and 44492.
28
Calculate the greatest common factor of 39610 and 27497495.
1165
Calculate the highest common divisor of 891097 and 118241.
373
What is the highest common divisor of 4034 and 325969387?
2017
What is the greatest common divisor of 2443458 and 2245?
449
Calculate the highest common factor of 19 and 1059486170.
19
What is the greatest common divisor of 260 and 6229288?
52
What is the highest common factor of 9937184 and 862424?
12872
What is the highest common divisor of 1008 and 1242178?
14
What is the greatest common divisor of 15316 and 41068?
4
What is the greatest common divisor of 72005583 and 26?
13
What is the highest common divisor of 7938 and 6305418?
2646
Calculate the greatest common factor of 7 and 96045411.
7
What is the highest common factor of 2504864355 and 5971?
5971
What is the greatest common factor of 2104726041 and 18?
9
Calculate the highest common divisor of 33971 and 43447.
23
What is the greatest common factor of 2611 and 67644669?
373
Calculate the highest common factor of 53114060 and 74688.
1556
What is the greatest common factor of 110356 and 7332?
188
Calculate the greatest common factor of 18522640 and 35.
5
Calculate the highest common divisor of 20272 and 81536.
112
Calculate the highest common factor of 368 and 258843104.
368
What is the highest common divisor of 1940 and 93329035?
485
What is the greatest common factor of 89353831 and 2471?
2471
What is the highest common factor of 1269398 and 338?
26
What is the highest common divisor of 230 and 17130630?
230
What is the greatest common divisor of 36288648 and 5148?
396
Calculate the highest common divisor of 108 and 289003476.
12
Calculate the highest common factor of 1856248 and 23133.
701
Calculate the greatest common factor of 304 and 21968.
16
Calculate the highest common factor of 76396169 and 43130.
4313
Calculate the greatest common divisor of 1242937083 and 7281.
2427
What is the highest common divisor of 4113410 and 4718?
14
What is the greatest common divisor of 149520 and 4488270?
2670
What is the greatest common divisor of 363 and 54686423?
11
Calculate the greatest common factor of 66935649 and 27425.
1097
Calculate the highest common factor of 84955702 and 52.
26
What is the greatest common factor of 748 and 84440?
4
Calculate the greatest common factor of 72 and 72202122.
18
What is the greatest common factor of 92043 and 4599?
63
Calculate the highest common factor of 7072 and 830076.
884
What is the highest common divisor of 52256 and 211012?
284
What is the highest common divisor of 11444662 and 1081?
23
What is the highest common factor of 5565 and 6184570?
1855
Calculate the greatest common divisor of 163339 and 26961473.
5269
Calculate the greatest common divisor of 35154 and 39921.
21
What is the highest common factor of 264 and 66706068?
132
What is the greatest common factor of 165340 and 9348796?
4724
What is the highest common factor of 203 and 14459429?
29
What is the greatest common divisor of 2725 and 92094100?
2725
Calculate the highest common factor of 184093 and 890477.
833
What is the greatest common divisor of 19354812 and 772?
772
Calculate the highest common factor of 13775 and 213389.
19
What is the greatest common factor of 104 and 1177471048?
104
What is the greatest common divisor of 3333 and 414051?
33
What is the highest common divisor of 106501692 and 3048?
1524
What is the greatest common divisor of 450225 and 12150?
675
Calculate the greatest common factor of 122108352 and 256.
64
Calcu